 Let n be -8 + 2 - 2*-1. What is z(n)?
-9
Let g(x) = -3*x - 3 + 2*x + 6. Let n be (-155)/35 + (-20)/(-14) + -1. Calculate g(n).
7
Let p = -2 - -2. Let t(h) = 2 + 1 + 0 - h + 0. Give t(p).
3
Let t = 12 + -5. Let m(u) = 3 + 2*u + 0 - t*u + 2*u. Determine m(3).
-6
Let m(l) = 2*l + 2. Suppose -4*h = 3*p + 11 - 5, 2*p = 4*h + 16. Give m(h).
-4
Let t(y) = 3*y + 2 + 3 + y**2 - 6. Calculate t(-4).
3
Let g(m) be the third derivative of -m**5/60 + 5*m**4/24 - m**3 - 12*m**2. Suppose 4*a - 24 = -2*n - 0*n, -5*n + 40 = 5*a. Give g(a).
-2
Let g(a) = a**2 - 6*a + 4. Let d = 4 + 1. Calculate g(d).
-1
Let i(t) = -t**3 + 5*t**2 - 2*t + 5. Suppose 0 = -o - 0 + 5. Determine i(o).
-5
Suppose 5*x = 5*s - 4*s - 14, 4*s - 26 = 5*x. Let g(r) = -2 + 2*r**2 + r**2 - 4*r - s*r**2 + 2*r**2. Determine g(5).
3
Suppose -m = 4*m. Let d(o) = 11*o + 22. Let v be (-28)/(-10) + (-3)/(-15). Let t(w) = -4*w - 7. Let z(j) = v*d(j) + 8*t(j). Give z(m).
10
Let z be 75/(-27) - 6/27. Let u = -3 - z. Let d(k) = k**3 - k**2 - k + 6. Calculate d(u).
6
Let z = -30 + 29. Let n(c) = -3*c**3 - 2*c**2 + 1. What is n(z)?
2
Let s(q) = -q**2 - 1. Let t(h) = h**2 + 1. Let z(r) = -7*s(r) - 6*t(r). Give z(2).
5
Let x(s) = s**2 - 11*s - 10. Let h be x(12). Let v(p) = -p**3 + 2*p**2 + 3*p - 2. Determine v(h).
4
Let x(a) be the second derivative of 7*a**4/12 + a**3/3 + a**2/2 + 7*a. Calculate x(-1).
6
Let d(m) = -m + 6. Let b(q) = q**2 + 6*q + 9. Let j be b(-4). Let h(s) = 2*s - 2. Let y be h(j). Determine d(y).
6
Let f(q) = 3*q**2 + 4*q + 2. Let b(w) = -4*w + 5. Let v(a) = -a + 1. Let m(i) = -b(i) + 3*v(i). Let c be m(0). Calculate f(c).
6
Let v be 38/(-6) + (-2)/(-6). Let i be (v/4)/(2/4). Let z = 8 + i. Let f(u) = -u**3 + 6*u**2 - 4*u - 6. Determine f(z).
-1
Suppose 3*d + d + 48 = 0. Let t = -11 - d. Let v(p) = 9*p**3 - p**2. What is v(t)?
8
Let y(d) = -d**3 - 4*d**2 - 5. Let h be y(-4). Let p(k) = 4*k + k**2 - k**3 + 8 - 14 + 8 + 3*k**2 - 8*k**2. What is p(h)?
7
Let v(u) = 5*u**2 - 2*u + 4. Let l be 3/(-6)*-3*4. Let n(w) = 6*w**2 - 3*w + 5. Let c(r) = l*n(r) - 7*v(r). Give c(4).
2
Let s(c) = -8 - c**3 - 1 + 2 + 9*c**2 + c. Give s(9).
2
Let g = 19 - 10. Let w be (-1)/((g/12)/(-3)). Let f(u) = -2*u + 3. Let o(q) = -2*q + 3. Let r(y) = -5*f(y) + 4*o(y). Calculate r(w).
5
Let v be (-1)/(-4) - (-2)/(-8). Let h(m) = -m. Let i be h(v). Let w = i + -3. Let z(a) = -a**3 - 4*a**2 - 4*a. Give z(w).
3
Let h(l) = 0 - 2 - 39*l + 42*l. Determine h(3).
7
Let u = 97 + -97. Let c(a) = -a**2 + a - 10. Give c(u).
-10
Let d(k) be the second derivative of -k**3/3 - 4*k**2 + 15*k. What is d(-6)?
4
Let r = 14 + -12. Let w(d) = -5 + 22*d - d**r - 2*d**2 - 16*d + 2*d**2. Give w(5).
0
Let v(y) be the first derivative of y**3/3 - 7*y**2/2 + 5*y + 7. Calculate v(7).
5
Let v(r) = -r**2 - 7*r - 5. Suppose -6 - 9 = -3*g. Let j be -8*(-2 + g/4). Let c = -11 + j. Determine v(c).
5
Let a(g) be the first derivative of g**4/4 - g**3/3 - g**2 - 5. Determine a(-2).
-8
Let m be ((-42)/(-7))/(6/8). Suppose -3*n = z - 0 + 4, 2*n + 2*z = -m. Suppose n*b + 1 = b. Let f(i) = 6*i**3. Give f(b).
6
Let t(m) = 2*m**2 - 3*m - 2. Let i = -10 - -8. Determine t(i).
12
Let v be 4 + 1*(1 + 0). Let b(t) = 3*t**2 + v - t**2 - 6*t**2 - t**3. What is b(-4)?
5
Let h(i) be the first derivative of 17*i**2/2 - 38. Calculate h(1).
17
Let r = 106 + -100. Let c(z) = -z + 4. Determine c(r).
-2
Let d(g) be the second derivative of -g**5/20 + g**4/4 + g**3/3 + g**2/2 - 2*g. Let a(n) = -n + 7. Let r be a(5). Let c be (r - (-2 + 3)) + 3. Determine d(c).
-7
Let l be (-126)/(-33) - (-4)/22. Suppose -1 = d - 3. Let w(s) = -2*s - d*s + 6*s - 1 - 3*s. Determine w(l).
-5
Let l(h) be the first derivative of h**4/12 - h**3/6 - h**2/2 - 2. Let v(b) be the second derivative of l(b). Let d be (1*(3 - 6))/((-3)/2). Determine v(d).
3
Let k be -7 + (3 - (2 + -2)). Let s(a) = -a**2 + a + 4. Calculate s(k).
-16
Let r = -105 - -112. Let o(m) = m - 9. Give o(r).
-2
Let g(z) = 2*z**2 - 6*z - 9. Let u be g(4). Let b(d) = d**3 + 2*d**2 + 2*d + 1. Give b(u).
0
Let q(r) = 1 + 2 + r**3 + r - 4. Suppose 4*y - 5 = 3*h + 4, 0 = -5*y - h - 3. What is q(y)?
-1
Let o = -8 + 13. Let s(m) = m - 1. Let k(h) = 1 + 2*h - 3*h + 0*h. Let f(d) = -k(d) - 2*s(d). What is f(o)?
-4
Let p(t) = t**3 - 5*t**2 - 6*t - 4. Let a be p(6). Let y = -3 + 7. Let j(m) = m**3 + 4 - 7*m + y*m**2 + m - 9 + 3*m. Give j(a).
7
Let d(i) be the second derivative of i**4/12 + 5*i**3/3 + 9*i**2/2 + 3*i. Give d(-9).
0
Let a(r) = -11*r + 3. Let k be ((11 - 5)/((-3)/2))/(-2). Give a(k).
-19
Let d(p) = p**2 - p - 4. Let r be -2*2*15/20. Calculate d(r).
8
Let w(l) = -3*l - 2. Let y be w(-2). Let h be y/(-4*2/(-4)). Let j(i) = 4 - 5*i - 1 + 0 + i**h. Determine j(4).
-1
Suppose -7*n = -6*n - 2. Let o(h) = 14*h + 7*h + 1 - h**n - 17*h. Give o(2).
5
Suppose 2*f + 0*u - 3*u + 7 = 0, 2*u - 30 = -5*f. Let r(a) = -3*a**2 + 12*a + 6. Let d(p) = -p**2 + p. Let t(l) = f*d(l) - r(l). Give t(-6).
6
Let k(c) = c - 10 + 0*c + 0*c. Let y be k(7). Let j(d) = d**3 + 3*d**2 + 2*d + 4. What is j(y)?
-2
Let v = 20 + -29. Let d = v - -8. Let s(t) = -2*t - 2*t + 0*t. Calculate s(d).
4
Let d(i) = i**2 + 1. Suppose 1 = -w - 1. What is d(w)?
5
Suppose -v + 3*v + 6 = 0. Let i = -3 - v. Suppose -4*j = 3*s - 32, i*s = 2*j - 5*s + 10. Let r(y) = -2*y + 6. Give r(j).
-4
Let o(k) = k**2 - 10*k - 16. Let a be o(12). Let g = 8 - a. Let q(i) = i**2 - i + 10. Calculate q(g).
10
Let h = 2 - -2. Suppose 20 = h*x - 0*x. Let q(g) = -2*g**2 + 2*g**2 - g**2 + 5*g - 2. Determine q(x).
-2
Suppose 2*g + 3 - 5 = 0. Let f be (-3 - g) + -2 + 2. Let y = -2 - f. Let c(i) = 4*i**2 - 3*i + 2. Calculate c(y).
12
Suppose -2*x - 25 = 3*x. Let f = x + 8. Let a(l) = -l + 5. Calculate a(f).
2
Let h(o) = -o**3 - 8. Let t(d) = -2 + 4 - 4 - 2 + d. Let q be t(4). Determine h(q).
-8
Let h = -23 - -19. Let d(c) = -2*c**2 - 6*c - 2. Give d(h).
-10
Let p(j) = -j**3 - 4*j**2 - 2*j + 2. Suppose 4*r = -r + 5. Suppose -4*z = -4*u + r + 19, 6 = 3*u. What is p(z)?
-1
Let x(c) = -c. Let s(j) = -2*j + 11. Let k be s(8). Give x(k).
5
Let c(v) = v**3 + 4*v**2 + 2*v - 2. Let f(l) = -l**3 - 5*l**2 - 3*l + 2. Let o(b) = 5*c(b) + 4*f(b). Calculate o(-2).
-6
Let y(j) be the third derivative of 0*j + 0 - 1/24*j**4 - j**2 - 5/6*j**3. What is y(0)?
-5
Let q(z) = z**3 - 3*z - 4. Suppose -5*o + 17 = 4*k, -2*o - 6 + 14 = 2*k. Calculate q(k).
14
Let p(j) = 1 - 3*j**2 - j**3 + 5 + 0 + 3*j - 3. Determine p(-4).
7
Let i = 8 - 9. Let y = 6 + -3. Let n(t) = -5*t + 2. Let u(a) = 6*a - 1. Let s(h) = y*u(h) + 2*n(h). Give s(i).
-7
Let k(d) be the third derivative of d**5/30 + d**3/6 - 9*d**2. What is k(2)?
9
Let a(h) = -1. Suppose 2 - 10 = -4*k, -2*n = 5*k - 14. Let f(r) = -r - 10. Let s(c) = n*a(c) - f(c). Give s(-6).
2
Let f(n) = -n + 9. Let w be f(10). Let j be 6/30 - w/(-5). Let l(d) = -d**2 - d. Determine l(j).
0
Let g(a) = -2*a + 1. Let m be g(-1). Suppose -m - 1 = -2*i. Let x = 0 - i. Let t(o) = -o**2 + 2*o + 1. Give t(x).
-7
Let h(v) = -36*v - 1 - 6*v**2 + 1 + 41*v + v**3. Determine h(5).
0
Let t(a) = -a**3 + 7*a**2 - 6*a + 8. Let g be t(6). Let u = 13 - g. Let d(c) be the first derivative of -c**3/3 + 3*c**2 + c - 2. Give d(u).
6
Let o(a) = -a**2 + a + 1. Let f(t) = 4*t**2 + 2*t + 3. Let w(d) = f(d) + 3*o(d). Give w(-4).
2
Let y(l) = l**2 + l. Let r(q) = 16*q**3 - 5*q**2 - 7*q. Let c(v) = r(v) + 6*y(v). Let n = 1 - 0. What is c(n)?
16
Let m(q) = -84 + 42 + 43 - 5*q. Determine m(1).
-4
Let d(s) = -s**3 - 5*s**2 + 3*s + 5. Suppose 0 = 5*i + x + 21, 0 = 5*i - 4*x - 2 + 43. What is d(i)?
-10
Let a(t) = t**3 - 5*t**2 - 2. Let s be (-9)/(-6)*8/6. Let n = 3 + s. Determine a(n).
-2
Let a(y) be the first derivative of -y**4/4 + 5*y**3/3 + 7*y**2/2 - 7*y + 35. Let s(o) = -o + 15. Let i be s(9). Determine a(i).
-1
Let s(j) = 6*j**3 + 2*j**2 - j. Let h(u) = -4*u - 7. Let y(q) = -5*q - 8. Let v(t) = 6*h(t) - 5*y(t). Let w be v(3). What is s(w)?
7
Let b = -40 + 67. Suppose -3*i + 3*k + 3 = 0, 2*i + 3*k = -i + b. Let s(n) = n**2 + n. Let u(h) = -6*h**2 - h. Let d(r) = -5*s(r) - u(r). What is d(i)?
5
Let i(c) = -2*c + 8. Let z be i(6). Let u(k) = -k**2 - 5*k - 2. Let t be u(z). Let h(x) = 2*x**2 + t - x**3 - 1 + 3 + x. What is h(3)?
-2
Let z(a) be the first derivative of -a**5/30 - a**4/6 + a**3/6 - a**2/2 - 2. Let w(j) be the seco